
11
What are the prime factors of 4782/42 - 3/(-21)?
2, 3, 19
Let d be ((-1)/2)/((-2)/80). Let f = d - 12. List the prime factors of f.
2
Let o be 16/9 - (-2)/9. Suppose -4*j + o = -3*j. List the prime factors of j.
2
Let i = -8 - -7. What are the prime factors of (11 - 12)*37*i?
37
Let w be (-30)/(-45) + 2/(-3). What are the prime factors of 0 + w + 17 + 0?
17
Suppose p = 2*p - 4. Suppose p*c - 87 = 9. List the prime factors of c.
2, 3
Suppose 0 = 7*y - 3*y - 8. Suppose 3*f = -3*s + 18, s - 18 = -2*f - 4*s. Suppose 2*n + 2*p = f, -y*n + 5*n - 22 = p. What are the prime factors of n?
2, 3
Let r be (-1)/(-3) - (-2)/(-6). Let g = 173 - 113. Suppose -u - 4*u + g = r. What are the prime factors of u?
2, 3
Let h(m) = -6*m. Let q be h(-8). Suppose n - q = 5*p, 6*n - 240 = n - 5*p. List the prime factors of n.
2, 3
Suppose 30 = -2*k + 140. Suppose -5*a - k = -4*t, 3*a = -11 + 2. What are the prime factors of t?
2, 5
Suppose -5 = -3*w + 91. Let d = w + 0. List the prime factors of d.
2
Let v(d) = d**3 + 2*d**2 + 2*d + 3. Let z be v(-2). Let s be 0/(-1) - (0 - z). List the prime factors of s/2 - (-138)/12.
11
Suppose -12 = -2*j + 18. Suppose 0 = 2*d - 5*d + j. List the prime factors of d.
5
Let s = 37 + -21. Suppose 0 = -2*i + 40 - s. What are the prime factors of i?
2, 3
Suppose 5*f - 6 = 14. Suppose -63 = h - f*h. List the prime factors of h.
3, 7
What are the prime factors of 2 + 783/5 + (-4)/(-10)?
3, 53
Let f = 2 + -3. Let l = 8 - f. List the prime factors of l.
3
What are the prime factors of -7 + -2 + 12 - (1 - 79)?
3
Suppose 0 = -4*n + 60 + 44. List the prime factors of n.
2, 13
Let d(u) = -2*u - 1. Let f be d(3). Let p = -4 - f. List the prime factors of p.
3
Let b = 5 + 25. List the prime factors of b.
2, 3, 5
Suppose 90 = 5*l - 45. Suppose -2*t - c - 4 = -19, -5*c + l = 4*t. Suppose 0 = 3*n - t - 1. What are the prime factors of n?
3
Let n be (1/(-1))/(2/(-8)). Let s be (-10)/n*(-12)/15. Suppose -5 = -s*u + u. List the prime factors of u.
5
Suppose -106 - 206 = -2*k. What are the prime factors of k?
2, 3, 13
Suppose -15*m = -13*m - 6. Suppose 0 = 2*h + 2*g - 16, 4 = -3*h + 2*g + 13. Suppose m*k - 4*t = -7, -3*t = h*k - 22 - 5. What are the prime factors of k?
3
Suppose -105 = -5*f - 4*k, -f + 3*k = 2*k - 21. List the prime factors of f.
3, 7
Let z(m) = 2*m + 4. Let c be z(5). List the prime factors of (-584)/(-28) + 2/c.
3, 7
Suppose -y - 3*f - 2 = 2, -4*y - 68 = -f. Let g = -20 - 6. Let v = y - g. List the prime factors of v.
2, 5
Let v(d) = -d**2 - 15*d - 16. List the prime factors of v(-12).
2, 5
List the prime factors of 517/5 - 9/(-15).
2, 13
What are the prime factors of 10/4 - 10/(-20)?
3
Let x(z) = z**3 + 4*z**2 + 4*z + 5. Let n be x(-3). Suppose n*w - 90 = -3*w. List the prime factors of w.
2, 3
What are the prime factors of (-4)/3*-3 + 0?
2
Let g(t) = -199*t + 24. What are the prime factors of g(-2)?
2, 211
Let m be (-69)/(-2) - (-2)/(-4). Let j = 29 - 53. Let s = j + m. List the prime factors of s.
2, 5
Suppose -a + 8 - 15 = 0. Let y(q) = -4*q + 2. List the prime factors of y(a).
2, 3, 5
Let f(m) = m**3 - 15*m**2 - 10*m + 17. Let l be f(12). List the prime factors of (-2)/7 + l/(-35).
3, 5
Suppose -4*d + 5*u = -d - 25, 0 = -3*d - 4*u + 34. Let y = d - 1. What are the prime factors of y?
3
Suppose 12 = 3*y - y. Suppose 3*w - 18 = -y. What are the prime factors of w?
2
Let w be 10/(-15) - (-26)/3. Suppose w = -4*u, 2*p + 5*u = -0*p + 4. List the prime factors of p.
7
Let r(o) = -o**2 - 5*o. Let j(i) = -1. Let f(a) = -2*j(a) - r(a). Let c be f(-5). Suppose q - 28 = -4*m, -q + 7 = c*m - m. List the prime factors of m.
7
Let f be 8/(-36) - (-4)/18. Suppose 4*i + f = 2*z - 74, -i = 5*z - 185. Suppose -z + 1 = -3*s. List the prime factors of s.
2, 3
Suppose 3*s - 198 = s. List the prime factors of s.
3, 11
What are the prime factors of 5/(46/(-12) + 4)?
2, 3, 5
Let t(s) = 7*s - 1. Suppose -16 + 4 = 4*r. Let v = r - -4. List the prime factors of t(v).
2, 3
List the prime factors of 2 - (-2)/6*3.
3
Let u(t) = -4*t**2 + 2 - 6 + t**3 + 3 - 6*t. Let j be u(5). Let w(x) = x**3 + 6*x**2 - 4*x - 8. What are the prime factors of w(j)?
2
Let c(g) = g**3 + 6*g**2 - 8*g + 9. Let t be c(-7). Let p = 24 - t. Suppose 5*h = p + 17. What are the prime factors of h?
5
Suppose r - 40 = -r + 4*y, -5*r = 4*y - 44. Suppose 5*t + r = 102. Let j = t - 3. List the prime factors of j.
3, 5
Let n(r) be the first derivative of r**4/4 + 5*r**3/3 + 3*r**2/2 - r + 2. Let q be ((-3)/(-2))/((-6)/12). List the prime factors of n(q).
2
Suppose 3*o - 5 - 202 = 0. Suppose 0 = 3*i - 3*m + 6*m - o, 87 = 4*i - m. List the prime factors of i.
2, 11
Let m(j) = j**3 - 8*j**2 - 3*j + 20. List the prime factors of m(10).
2, 5, 19
Let m be (26/(-3))/((-2)/15). Suppose 0 = -3*t + m + 91. Suppose -4*c + c + 2*w + 26 = 0, w = -5*c + t. What are the prime factors of c?
2, 5
What are the prime factors of (-270)/(-4) + (-5)/10 + 1?
2, 17
Let b(c) = -c**2 - 13*c - 12. List the prime factors of b(-8).
2, 7
List the prime factors of -2*(-2 - (-996)/(-8)).
11, 23
Suppose 21*u - 71 = 20*u. What are the prime factors of u?
71
Suppose -36 = -3*j + 3*o, 36 = 2*j - 3*o - 2*o. Let c = 11 - j. Suppose -5*y = 5*i, 0 - 10 = i + c*y. What are the prime factors of i?
5
Let o(i) = i**2 - 2*i - 3. Suppose 2*p - 2*t + 18 = 0, 0 = -3*p - 5*t - 2 - 1. Let w be (4/p)/(2/(-12)). What are the prime factors of o(w)?
5
Let c(t) be the third derivative of t**5/5 - t**3/6 + 2*t**2. Suppose 4*i + 5*f - 11 = 0, -5*i + 2*f - 17 = -2*f. List the prime factors of c(i).
11
Suppose 109 = 5*g + 2*f, -5*g - f = -0*f - 112. What are the prime factors of g?
23
Suppose -k - 5*x = -31, -104 = -k - k + 4*x. List the prime factors of k.
2, 23
Let u = -39 - -74. List the prime factors of u.
5, 7
Let c = 83 + -45. List the prime factors of c.
2, 19
Suppose 2*n - 142 + 28 = 2*a, n + 3*a - 49 = 0. What are the prime factors of n?
5, 11
Suppose 6*p = 10*p - 564. What are the prime factors of p?
3, 47
List the prime factors of (-1 + -52)/((-1)/1).
53
Let r = -4 - -13. Suppose -y + 3 = -i, 3*y + r = -6. List the prime factors of (-8)/(-6)*(-12)/i.
2
Let y be 9/(-18) + (-6)/(-4). Let w = y + 18. What are the prime factors of w?
19
Let m(b) = 2*b. Let j be m(-3). Let y = -1 + j. Let z = y - -15. List the prime factors of z.
2
Let t(w) = -w**2 + 3*w + 4. Let l be t(6). Let n = l + 25. Let f = n + 0. What are the prime factors of f?
11
Suppose -2*a - 6 + 4 = 0. Let d(r) = 34*r + 3. Let l(s) = -11*s - 1. Let v(x) = 2*d(x) + 7*l(x). What are the prime factors of v(a)?
2
Let n(b) = 4*b**2 - 5*b + 3. Let d = -16 - -19. What are the prime factors of n(d)?
2, 3
Let r be 46/10 - (-2)/5. Let q(j) = j**2 + 1 + 6*j + 5*j - r*j. List the prime factors of q(-7).
2
Let h be (-81)/(-15) + 2/(-5). Suppose 5*l - 46 = -4*q, 0*q + q - 2*l = h. List the prime factors of q.
3
Suppose -o + 2 + 8 = 0. Suppose 0 = 3*a + 25 - o, -2*a = -4*s - 10. Let k = s - -11. List the prime factors of k.
2, 3
What are the prime factors of (56/(-10))/(1/(-5))?
2, 7
Suppose w - 2*v - 42 = 0, 2*w + 2*w + 2*v - 168 = 0. What are the prime factors of w?
2, 3, 7
Suppose 0 = -2*f + 1 + 11. What are the prime factors of f?
2, 3
Let r be ((0 + 1)*-1)/1. Let t be ((-7)/3 - r)*-3. Suppose -t*i + 28 = -0*i. What are the prime factors of i?
7
Let w(p) = 10*p**2 + p. Let k be w(-1). Let u = -2 + k. List the prime factors of u.
7
Let y = 27 - 11. What are the prime factors of y?
2
Let p be (-2)/9 - (-5226)/(-54). Let b = p - -148. What are the prime factors of b?
3, 17
Suppose 0*l = -l - 5. Let p = l - -10. Suppose -p*d + 27 = -58. What are the prime factors of d?
17
Let h be 2 - -1*36/(-2). Let l = h + 27. Let t = l + -3. What are the prime factors of t?
2
Let g = -9 + 13. Let o be 117/6*g/6. Let p = o + -5. What are the prime factors of p?
2
Suppose -4*b = -6 - 14. What are the prime factors of b?
5
Suppose 2*u - 3*o - 156 = 212, u - 2*o - 184 = 0. List the prime factors of u.
2, 23
Let d(l) = -l + 4. Let q be (-5 - (-2)/2)*-1. Suppose v - 6*v = -2*k + 2, 3*v = -4*k + q. What are the prime factors of d(v)?
2
Let u(a) = a**3 - 4*a**2 + 2*a - 12. What are the prime factors of u(7)?
149
Let f(o) = -o**2 - 32*o + 53. List the prime factors of f(-22).
3, 7, 13
What are the prime factors of